
{"id":275,"date":"2022-06-20T22:17:35","date_gmt":"2022-06-20T20:17:35","guid":{"rendered":"https:\/\/www.ooepvs.at\/home\/?page_id=275"},"modified":"2022-06-20T22:17:35","modified_gmt":"2022-06-20T20:17:35","slug":"downloads-fuer-pruefer-und-trainer","status":"publish","type":"page","link":"https:\/\/www.ooepvs.at\/home\/index.php\/downloads-fuer-pruefer-und-trainer\/","title":{"rendered":"Downloads f\u00fcr Pr\u00fcfer und Trainer"},"content":{"rendered":"\n<p><a href=\"https:\/\/www.ooepvs.at\/home\/Unterlagen\/OOEPVS_DATENBLATT.pdf\">OOEPVS Antragsformular (Datenblatt)<\/a><\/p>\n\n\n\n<p><a href=\"https:\/\/www.ooepvs.at\/home\/Unterlagen\/OOEPVS-FB1-FB3-Skript.pdf\">OOEPVS Skriptum FB1 bis FB3<\/a><\/p>\n\n\n\n<p><a href=\"https:\/\/www.ooepvs.at\/home\/Unterlagen\/OOEPVS-Segeln-Grundkurs.pdf\">OOEPVS Skriptum Segeln Grundkurs<\/a><\/p>\n\n\n\n<p><a href=\"https:\/\/www.ooepvs.at\/home\/Unterlagen\/Pruefungsfragen_Kueste.pdf\">OOEPVS Pr\u00fcfungsfragen FB1 bis FB3 inkl. L\u00f6sungsblatt<\/a><\/p>\n\n\n\n<p><a href=\"https:\/\/www.ooepvs.at\/home\/Unterlagen\/Pruefungsfragen_Kueste_Segeln.pdf\">OOEPVS Pr\u00fcfungsfragen Zusatz Segelyacht inkl. L\u00f6sungsblatt<\/a><\/p>\n","protected":false},"excerpt":{"rendered":"<p>OOEPVS Antragsformular (Datenblatt) OOEPVS Skriptum FB1 bis FB3 OOEPVS Skriptum Segeln Grundkurs OOEPVS Pr\u00fcfungsfragen FB1 bis FB3 inkl. L\u00f6sungsblatt OOEPVS Pr\u00fcfungsfragen Zusatz Segelyacht inkl. L\u00f6sungsblatt<\/p>\n","protected":false},"author":3,"featured_media":0,"parent":0,"menu_order":0,"comment_status":"closed","ping_status":"closed","template":"","meta":{"footnotes":""},"class_list":["post-275","page","type-page","status-publish","hentry"],"_links":{"self":[{"href":"https:\/\/www.ooepvs.at\/home\/index.php\/wp-json\/wp\/v2\/pages\/275","targetHints":{"allow":["GET"]}}],"collection":[{"href":"https:\/\/www.ooepvs.at\/home\/index.php\/wp-json\/wp\/v2\/pages"}],"about":[{"href":"https:\/\/www.ooepvs.at\/home\/index.php\/wp-json\/wp\/v2\/types\/page"}],"author":[{"embeddable":true,"href":"https:\/\/www.ooepvs.at\/home\/index.php\/wp-json\/wp\/v2\/users\/3"}],"replies":[{"embeddable":true,"href":"https:\/\/www.ooepvs.at\/home\/index.php\/wp-json\/wp\/v2\/comments?post=275"}],"version-history":[{"count":1,"href":"https:\/\/www.ooepvs.at\/home\/index.php\/wp-json\/wp\/v2\/pages\/275\/revisions"}],"predecessor-version":[{"id":276,"href":"https:\/\/www.ooepvs.at\/home\/index.php\/wp-json\/wp\/v2\/pages\/275\/revisions\/276"}],"wp:attachment":[{"href":"https:\/\/www.ooepvs.at\/home\/index.php\/wp-json\/wp\/v2\/media?parent=275"}],"curies":[{"name":"wp","href":"https:\/\/api.w.org\/{rel}","templated":true}]}}